 -1)*(4 - z). Let l = -1407 - f. Is l composite?
False
Let r(u) = -8 - 19 + 20*u + 4*u**2 - 14. Is r(-18) a prime number?
False
Let h(x) = -964*x + 54 - 24 - 31 + 328*x. Is h(-1) composite?
True
Suppose 0 = -3*o - 0*l - l + 4, 18 = 5*o - 4*l. Suppose o*v = -0*v - 396. Let z = v - -529. Is z composite?
False
Let j(v) = 41*v. Let z be j(2). Suppose -s = -z + 5. Is s prime?
False
Let s = 1338 + 497. Is s prime?
False
Let d be 2 + 0 + -1 + 1. Let v = 573 - 380. Suppose d*n = 4*m - m - 261, -2*m - 5*n = -v. Is m prime?
True
Suppose -t + i - 6 = 3*i, -3*i = -3*t + 18. Suppose 0*a = 5*p + 3*a + 3, p + 2 = -t*a. Is p/(-4) + 1 + 46 a prime number?
True
Let k = 65030 + -41541. Is k composite?
True
Let c = 38 + -33. Suppose 4*z + c*b + 16 = 0, b - 8 = -b. Is 2/z + 30415/99 a prime number?
True
Let o = -18243 - -30428. Is o a prime number?
False
Suppose h = -3, 0 = 4*u + h - 0*h - 25. Suppose 3*t - u*t = -4*x - 1152, -3*t + 2*x = -867. Is t prime?
False
Let z = 2 - -2. Suppose -5*s + 57 = -4*j, -z*j + 8 + 7 = 3*s. Is (-2)/s + (-28855)/(-45) prime?
True
Let f = 744 - 1278. Is (0 - 1)*(f - (-1 - 4)) prime?
False
Let l = 14271 + -1745. Is l a composite number?
True
Let i = 19 + -16. Suppose -i*s - 2*s + 2100 = 0. Suppose -161 - s = -r. Is r composite?
True
Let b(f) = 38*f**2 + 4*f - 2. Let u be b(-6). Let l = -345 + u. Is l prime?
True
Is ((-90726)/12)/(((-3)/6)/1) a prime number?
True
Let f(a) be the third derivative of a**5/60 + 5*a**4/24 + 5*a**3/2 + 7*a**2. Is f(8) composite?
True
Let d(v) = v**2 - 6*v. Let n be d(6). Suppose -5*f + s - 1093 = 0, n = -3*f - f + s - 874. Let q = 410 + f. Is q a composite number?
False
Let i be 381/2*16/12. Suppose 561 = -4*g + 141. Let w = i + g. Is w prime?
True
Let b(y) = 213*y**2 + 40*y - 130. Is b(3) prime?
True
Let l = -29 - -30. Is 87 + (2 - (5 + l)) prime?
True
Let o(t) = -3*t**3 - 22*t**2 + 3. Is o(-12) a composite number?
True
Suppose 3 = -w + 6, 2639 = -g - 3*w. Let h = 4495 + g. Is h composite?
False
Let x(p) = -1639*p + 81. Is x(-4) prime?
True
Let x = -23 - -42. Let u(g) = -g**3 + 23*g**2 - 22*g - 17. Is u(x) composite?
False
Suppose -171*x - 114 = -174*x + u, -5*x = 5*u - 170. Suppose -4*b + 31 = -125. Suppose b*w - x*w = 286. Is w prime?
False
Suppose -4*a + 20552 = -0*a. Suppose -2*v + 5*o + 2569 = -v, 0 = 2*v - 4*o - a. Is v composite?
True
Let r = 135 + -136. Is (15/(-10))/(r/((-1916)/(-6))) prime?
True
Let g(z) = -z**2 + 3. Let t be 12/(-4) - (-1 + -2). Let i be g(t). Suppose u - 5*c = -u + 269, i*c = -9. Is u composite?
False
Suppose 0 = 5*z + 5*l, -3*z - l - 3*l = 0. Suppose z = 2*k - 7*y + 3*y - 80, 4*y = 4*k - 148. Is k a prime number?
False
Is -3 + (-337)/(-3*(-3)/(-54)) composite?
True
Let m = 24 + -27. Let a(l) = 16*l + 4. Let w be a(m). Let q = w + 247. Is q a composite number?
True
Let a(j) = 3*j + 38. Let m be a(-12). Let n be 0 - (-2*3 - -1). Suppose -w = -2*h - 331, n*w + m*h = 6*h + 1673. Is w prime?
True
Suppose -3*w - 2*o = 11, 9*o + 22 = -2*w + 4*o. Is -16*(-124)/6 + w/(-3) composite?
False
Suppose 0*z + 668 = 2*z. Suppose 2437 = t - 2*j, z - 5216 = -2*t + 2*j. Suppose -f - 3*l = -472, -3*f + 2*l + t = 2*f. Is f a composite number?
False
Let v(b) be the first derivative of 7*b + 3/2*b**2 + b**3 - 10. Is v(8) composite?
False
Suppose 5*j - 31560 = -3*y - 7699, 2*j = 5*y - 39758. Suppose 0 = -5*s + 3*a - 0*a + y, 5*a + 7950 = 5*s. Is s prime?
False
Suppose -67*t + 11*t + 62888 = 0. Is t a prime number?
True
Let s = -50 - -57. Suppose s*i - 6193 = 1234. Is i a composite number?
False
Let g(u) = 8*u**2 + 13*u - 11. Let q(d) = 8*d**2 + 13*d - 11. Let k(n) = 3*g(n) - 2*q(n). Is k(5) a composite number?
True
Let z be ((-1096)/(-12))/((-2)/42). Let b = z - -3789. Is b prime?
True
Let x = 44286 + -12817. Is x a composite number?
False
Suppose -2*q = -5*x - 29, -3*x + 0*x - 13 = q. Suppose -4*o + 4*c + 296 = 0, q*c = -4*o - o + 405. Is o a composite number?
False
Let u be (2*-1)/(2/(-61)). Let z be 3 + 2 + -11 + -5 + 19. Let r = u - z. Is r prime?
True
Suppose 0 = 9*w - 5*w - 8. Let q be w + 5 + -3 + 0. Let l(x) = 6*x**2 + 2*x + 7. Is l(q) a composite number?
True
Let a = 18 - 12. Suppose 5*i - 3*i = -5*n + a, 3*n - 4 = -i. Suppose 0 = n*s - 0*s - 428. Is s composite?
True
Suppose 13*a - 79344 = 983. Is a prime?
False
Let z(x) = -x**2 + 9*x + 15. Let s be z(10). Suppose s*j + 26 - 721 = 0. Is j composite?
False
Let n(a) = a**3 - 2*a**2 + 3593. Is n(0) a composite number?
False
Let a(l) = -9*l**3 + 9*l**2 - 4*l - 19. Is a(-11) a composite number?
False
Let l(r) = 10*r - 7. Let y be l(2). Let o = -13 + y. Suppose -2*c - 2*b - 223 = -3*c, 3*c - 2*b - 657 = o. Is c a prime number?
False
Let m = 209 + -205. Let w(t) = 35*t**3 + 4*t**2 - 3*t + 1. Let o be w(2). Suppose g = m*g - o. Is g a prime number?
True
Let g(k) = 567*k + 308. Is g(35) a composite number?
True
Suppose 4*o - 30 + 10 = 0. Let b(u) = -3*u + 6. Let z(f) = -f + 2. Let a(y) = -4*b(y) + 11*z(y). Is a(o) a composite number?
False
Suppose -f - 2*f + 9 = 0. Let p = 46 + -45. Suppose 652 = 4*l + 3*k, f*l = k + p + 488. Is l prime?
True
Let p = 3140 + -1227. Is p a composite number?
False
Suppose -29*r - 14*r + 146501 = 0. Is r a prime number?
True
Let q(a) = -a**3 - 15*a**2 + 66*a + 19. Let b be q(-19). Suppose -5*u = -6*j + 2*j + 158, -3*j + 6 = 0. Let l = b + u. Is l a composite number?
False
Let n(q) = 213*q + 469. Is n(80) prime?
True
Let s = 1947 + -754. Is s composite?
False
Suppose 0 = -2*v + 5*c + 2546, 5*v - 2554 = 3*v + c. Suppose 4*d + v = 10*d. Is d composite?
True
Let k(l) = l**2 + 8*l - 4. Suppose f = -5*u + 17, -3*f - 3*u + 0 = 9. Let p be k(f). Is (-3)/12 - 153/p a prime number?
False
Let i(l) = 3*l. Let d be i(1). Let u(w) = -2*w**3 + 5*w**2 - w - 4. Let h be u(d). Let y = h - -18. Is y composite?
False
Suppose 2963 = 7*r - 6*r + 3*a, 0 = -5*a. Is r composite?
False
Let a = 1862 - 444. Suppose -40*w + 38*w = -a. Is w a composite number?
False
Suppose 26*f + 1194222 = 3595036. Is f a prime number?
False
Let y be (-86)/(-8) + (-4)/(-16). Suppose 0 = 2*b + 1 - y. Is (b/(-15))/((-2)/978) a composite number?
False
Let a = 1689 + -998. Is a a prime number?
True
Suppose -5*m + 2*y - 2 = 0, m + m - 2*y - 4 = 0. Let g be 159 - ((-5 - m) + 0). Suppose 2*u - g = -4*b, 4*u - 5*b + 127 = 464. Is u prime?
True
Is (13809/(-6))/((-3)/6) prime?
True
Let j(x) = 14*x**2 - 4*x - 4. Let a be j(-5). Let d = -109 + a. Is d composite?
False
Let f = 7 - 4. Let l = 0 + f. Is 572/l + (-1)/(-3) composite?
False
Let l be (-9)/6*4520/15. Let q = 1009 + l. Is q composite?
False
Suppose 2*u + 5*h - 43857 = 0, 0 = 4*h - 7 - 5. Is u composite?
True
Suppose -d - 2*d + 165 = -3*z, 0 = -4*z - d - 225. Let r = z + 259. Let a = r + -136. Is a prime?
True
Suppose -32*w + 116609 = 27681. Is w prime?
False
Suppose -10*w + 22596 = 2*w. Is w a prime number?
False
Let t(j) = 6*j**3 + 6*j**3 - 10*j + 2 - 13*j**3 - 8*j**2. Is t(-7) a prime number?
True
Let r(p) = 5*p**3 + 5*p**2 + 10*p - 15. Let q(l) = l**3 - l**2. Let u(j) = 4*q(j) - r(j). Is u(-14) a composite number?
True
Let i(f) = f**3 - 8*f**2 + 6*f + 3. Let k be i(8). Let b = 433 - k. Is b prime?
False
Let s be (3/3)/2 + (-14)/(-4). Suppose -3*i + s*i + 2464 = 3*o, o - 5*i = 826. Is o a prime number?
True
Suppose 28*g - 27*g = 7033. Is g composite?
True
Suppose 2*p = b + 4916, 0*p - 3*b + 9842 = 4*p. Is p a prime number?
True
Suppose 6*a - 2*a = -4*i + 40, -2*i + 15 = a. Let h(o) = -o**3 - o**2 + 6. Let q be h(i). Is (-1)/1 - 2 - q composite?
True
Let i = 2481 + 73. Is i prime?
False
Let w(m) = -m**3 + 4*m**2 - m - 3. Let l be w(3). Suppose 3*c - 3*i = 3, -l*i - 2 = 2*c - 9. Is -149*(c + -1 + -2) a prime number?
True
Let n(h) = -2*h + 7. Suppose -4*b + 52 = -8*b. Let s = 4 + b. Is n(s) prime?
False
Let t(a) = 5003*a**2 - 41*a - 71. Is t(-4) a composite number?
False
Is 1*(-2)/(-16) - 447531/(-808) prime?
False
Suppose 2*u - 3*g - 24 = -6*g, -4*u - 3*g = -54. Is u a prime number?
False
Let f(w) = -w**3 - 6*w**2 + 6*w - 6. Let l be f(-7). Let t(q) be the first derivative of 20*q**3/3 - q + 4. Is t(l) prime?
True
Let d(i) = -4*i - 20. Let o be d(-9). Is (1 + -5)*(-18804)/o composite?
True
Is 3252 + (-9)/(-6) + (-40)/16 a prime number?
True
Let l(z) = -7*z - 4. Let q be l(0). Is (-10626)/q - (-8)/(9 + 7) composite?